{"id":49,"date":"2017-07-27T18:36:38","date_gmt":"2017-07-27T21:36:38","guid":{"rendered":"http:\/\/hazlosemejante.usal.edu.ar\/?page_id=49"},"modified":"2017-08-02T00:25:59","modified_gmt":"2017-08-02T03:25:59","slug":"presentacion","status":"publish","type":"page","link":"https:\/\/hazlosemejante.usal.edu.ar\/?page_id=49","title":{"rendered":"Presentaci\u00f3n"},"content":{"rendered":"<div id=\"pl-49\"  class=\"panel-layout\" ><div id=\"pg-49-0\"  class=\"panel-grid panel-has-style\" ><div class=\"siteorigin-panels-stretch panel-row-style panel-row-style-for-49-0\" data-stretch-type=\"full-stretched\" ><div id=\"pgc-49-0-0\"  class=\"panel-grid-cell\" ><div id=\"panel-49-0-0-0\" class=\"so-panel widget widget_sow-editor panel-first-child\" data-index=\"0\" ><div\n\t\t\t\n\t\t\tclass=\"so-widget-sow-editor so-widget-sow-editor-base\"\n\t\t\t\n\t\t>\n<div class=\"siteorigin-widget-tinymce textwidget\">\n\t<h1 style=\"text-align: center;\"><span style=\"color: #ddad7a;\">\u00a1HAZLO SEMEJANTE!<\/span><\/h1>\n<p style=\"padding-left: 60px; text-align: left;\"><span style=\"color: #ddad7a;\">Esta II Exposici\u00f3n Virtual de libros curiosos que la Red de Bibliotecas de la Universidad del Salvador pone a disposici\u00f3n del p\u00fablico comprende una selecci\u00f3n de treinta\u00a0 libros de la Biblioteca Hist\u00f3rica. Se trata de difundir once ediciones facsimilares y diecinueve libros con reproducciones facsimilares que han sido reunidos aplicando un criterio tem\u00e1tico. Si bien las colecciones de la Biblioteca Hist\u00f3rica guardan en su conjunto un n\u00famero mayor de documentos con estas caracter\u00edsticas, los documentos de las Colecciones Especiales que se han elegido para esta muestra se consideran lo m\u00e1s relevantes para el estudio de la literatura e historia argentina en algunos casos, y documentos para el estudio de la \u00e9poca colonial americana en otros casos.<\/span><\/p>\n<p style=\"padding-left: 60px; text-align: left;\"><span style=\"color: #ddad7a;\">La organizaci\u00f3n de esta presentaci\u00f3n de im\u00e1genes y rese\u00f1as bibliogr\u00e1ficas que acompa\u00f1an a las citas distingue dos grandes grupos de libros. Por un lado, se re\u00fanen las ediciones facsimilares, es decir aquellos libros que podr\u00edan funcionar como verdaderos \u201csustitutos\u201d\u00a0 de los originales que han sido reproducidos en su totalidad, como por a ejemplo, <em>El gaucho Mart\u00edn Fierro<\/em> y <em>La vuelta de Mart\u00edn Fierro<\/em> de Jos\u00e9 Hern\u00e1ndez.\u00a0 Por otro lado, se agrupan libros con reproducciones facsimilares obras importantes desde el punto de vista hist\u00f3rico o cultural, como por ejemplo <em>El Redactor de la Asamblea<\/em> donde se reproduce el decreto argentino de abolici\u00f3n de todo servicio personal de los indios promulgado en 1813 en lenguas originarias.<\/span><\/p>\n<p style=\"padding-left: 60px; text-align: left;\"><span style=\"color: #ddad7a;\">La RedBUS como instituci\u00f3n que custodia libros con valor hist\u00f3rico, orienta el tratamiento de los facsimilares atendiendo al motivo que dio origen a la existencia de los mismos. Facs\u00edmil es una palabra que proviene del lat\u00edn <em>fac simile<\/em>, \u201chaz similar\u201d, \u00a0por ello contar con estas versiones documentales en sus colecciones permite a las bibliotecas asumir la tareas de conservaci\u00f3n adecuada de bienes culturales, sin descuidar al mismo tiempo la difusi\u00f3n de los contenidos.<\/span><\/p>\n<p style=\"padding-left: 60px; text-align: left;\"><span style=\"color: #ddad7a;\">Quienes realizamos esta exhibici\u00f3n conmemorativa comprendemos que el libro es un bien simb\u00f3lico clave para la constituci\u00f3n de la sociedad occidental, ocupando adem\u00e1s un lugar fundamental en la vida universitaria. Por ello albergamos el anhelo que la muestra actual <em>\u00a1Hazlo semejante!, <\/em>junto con la anterior <em>60 a\u00f1os de la USAL 60<\/em> <em>tesoros en papel<\/em> se presenten como ventanas que den cuenta del v\u00ednculo entre el libro y nuestra universidad.<\/span><\/p>\n<p style=\"padding-left: 60px;\"><strong><span style=\"color: #ddad7a;\">Contacto: Mg. Liliana Rega \u2013 Directora de la RedBUS. Correo electr\u00f3nico: lrega@usal.edu.ar <\/span><\/strong><\/p>\n<p style=\"padding-left: 60px;\"><strong><span style=\"color: #ddad7a;\">Direcci\u00f3n postal: Tte. Gral. Per\u00f3n 1818 \u2013 Subsuelo \u2013 Ciudad Aut\u00f3noma de Buenos Aires C1040AAB) Argentina. <\/span><\/strong><\/p>\n<p style=\"padding-left: 60px;\"><strong><span style=\"color: #ddad7a;\">Tel\u00e9fono: 54 11 43755434 Interno 1234<\/span><\/strong><\/p>\n<p style=\"padding-left: 60px;\"><strong><span style=\"color: #ddad7a;\">Textos: Liliana Rega, Mariana Uranga, Anabel Ares<\/span><\/strong><\/p>\n<p style=\"padding-left: 60px;\"><strong><span style=\"color: #ddad7a;\">Dise\u00f1o web: Ezequiel Tello, Fernando Bosy, Mauro Tripaldi<\/span><\/strong><\/p>\n<p style=\"padding-left: 60px;\"><strong><span style=\"color: #ddad7a;\">Fotograf\u00eda: Julieta Galv\u00e1n.<\/span><\/strong><\/p>\n<p style=\"padding-left: 60px;\"><strong><span style=\"color: #ddad7a;\">\u00a9 Universidad de Salvador<\/span><\/strong><\/p>\n<\/div>\n<\/div><\/div><div id=\"panel-49-0-0-1\" class=\"so-panel widget widget_nav_menu panel-last-child\" data-index=\"1\" ><div class=\"panel-widget-style panel-widget-style-for-49-0-0-1\" ><h3 class=\"widget-title\">Categor\u00edas<\/h3><div class=\"menu-categorias-container\"><ul id=\"menu-categorias\" class=\"menu\"><li id=\"menu-item-348\" class=\"menu-item menu-item-type-post_type menu-item-object-page menu-item-348\"><a href=\"https:\/\/hazlosemejante.usal.edu.ar\/?page_id=53\">Documentos para la literatura argentina<\/a><\/li>\n<li id=\"menu-item-629\" class=\"menu-item menu-item-type-post_type menu-item-object-page menu-item-629\"><a href=\"https:\/\/hazlosemejante.usal.edu.ar\/?page_id=443\">Documentos para la \u00e9poca colonial americana<\/a><\/li>\n<\/ul><\/div><\/div><\/div><\/div><div id=\"pgc-49-0-1\"  class=\"panel-grid-cell\" ><div id=\"panel-49-0-1-0\" class=\"so-panel widget widget_media_image panel-first-child panel-last-child\" data-index=\"2\" ><img width=\"960\" height=\"1080\" src=\"https:\/\/hazlosemejante.usal.edu.ar\/wp-content\/uploads\/2017\/07\/presentacion_fondo_.jpg\" class=\"image wp-image-162  attachment-full size-full\" alt=\"\" decoding=\"async\" loading=\"lazy\" style=\"max-width: 100%; height: auto;\" srcset=\"https:\/\/hazlosemejante.usal.edu.ar\/wp-content\/uploads\/2017\/07\/presentacion_fondo_.jpg 960w, https:\/\/hazlosemejante.usal.edu.ar\/wp-content\/uploads\/2017\/07\/presentacion_fondo_-267x300.jpg 267w, https:\/\/hazlosemejante.usal.edu.ar\/wp-content\/uploads\/2017\/07\/presentacion_fondo_-768x864.jpg 768w, https:\/\/hazlosemejante.usal.edu.ar\/wp-content\/uploads\/2017\/07\/presentacion_fondo_-910x1024.jpg 910w\" sizes=\"100vw\" \/><\/div><\/div><\/div><\/div><div id=\"pg-49-1\"  class=\"panel-grid panel-no-style\" ><div id=\"pgc-49-1-0\"  class=\"panel-grid-cell panel-grid-cell-empty\" ><\/div><\/div><\/div>","protected":false},"excerpt":{"rendered":"<p>\u00a1HAZLO SEMEJANTE! Esta II Exposici\u00f3n Virtual de libros curiosos que la Red de Bibliotecas de la Universidad del Salvador pone a disposici\u00f3n del p\u00fablico comprende una selecci\u00f3n de treinta\u00a0 libros de la Biblioteca Hist\u00f3rica. Se trata de difundir once ediciones facsimilares y diecinueve libros con reproducciones facsimilares que han sido reunidos aplicando un criterio tem\u00e1tico. &hellip; <\/p>\n<p class=\"link-more\"><a href=\"https:\/\/hazlosemejante.usal.edu.ar\/?page_id=49\" class=\"more-link\">Continue reading<span class=\"screen-reader-text\"> &#8220;Presentaci\u00f3n&#8221;<\/span><\/a><\/p>\n","protected":false},"author":2,"featured_media":0,"parent":0,"menu_order":0,"comment_status":"closed","ping_status":"closed","template":"","meta":[],"_links":{"self":[{"href":"https:\/\/hazlosemejante.usal.edu.ar\/index.php?rest_route=\/wp\/v2\/pages\/49"}],"collection":[{"href":"https:\/\/hazlosemejante.usal.edu.ar\/index.php?rest_route=\/wp\/v2\/pages"}],"about":[{"href":"https:\/\/hazlosemejante.usal.edu.ar\/index.php?rest_route=\/wp\/v2\/types\/page"}],"author":[{"embeddable":true,"href":"https:\/\/hazlosemejante.usal.edu.ar\/index.php?rest_route=\/wp\/v2\/users\/2"}],"replies":[{"embeddable":true,"href":"https:\/\/hazlosemejante.usal.edu.ar\/index.php?rest_route=%2Fwp%2Fv2%2Fcomments&post=49"}],"version-history":[{"count":60,"href":"https:\/\/hazlosemejante.usal.edu.ar\/index.php?rest_route=\/wp\/v2\/pages\/49\/revisions"}],"predecessor-version":[{"id":670,"href":"https:\/\/hazlosemejante.usal.edu.ar\/index.php?rest_route=\/wp\/v2\/pages\/49\/revisions\/670"}],"wp:attachment":[{"href":"https:\/\/hazlosemejante.usal.edu.ar\/index.php?rest_route=%2Fwp%2Fv2%2Fmedia&parent=49"}],"curies":[{"name":"wp","href":"https:\/\/api.w.org\/{rel}","templated":true}]}}